{"id":575,"date":"2017-11-21T14:41:22","date_gmt":"2017-11-21T13:41:22","guid":{"rendered":"https:\/\/www.konradi.nu\/wp-content\/uploads\/2017\/11\/Projekt-B\u00f8rnedemokrati-vinder-prisen-som-\u00e5rets-beboerdemokratiske-projekt-p\u00e5-almene-boligdage-2017.png"},"modified":"2017-11-21T14:41:22","modified_gmt":"2017-11-21T13:41:22","slug":"projekt-boernedemokrati-vinder-prisen-som-aarets-beboerdemokratiske-projekt-paa-almene-boligdage-2017","status":"inherit","type":"attachment","link":"https:\/\/www.konradi.nu\/en\/projekt-boernedemokrati-vinder-prisen-som-aarets-beboerdemokratiske-projekt-paa-almene-boligdage-2017\/","title":{"rendered":"Projekt B\u00f8rnedemokrati vinder prisen som \u00e5rets beboerdemokratiske projekt p\u00e5 almene boligdage 2017"},"author":1,"featured_media":0,"comment_status":"closed","ping_status":"closed","template":"","meta":[],"class_list":["post-575","attachment","type-attachment","status-inherit","hentry"],"description":{"rendered":"<p class=\"attachment\"><a href='https:\/\/www.konradi.nu\/wp-content\/uploads\/2017\/11\/Projekt-B\u00f8rnedemokrati-vinder-prisen-som-\u00e5rets-beboerdemokratiske-projekt-p\u00e5-almene-boligdage-2017.png'><img fetchpriority=\"high\" decoding=\"async\" width=\"234\" height=\"300\" src=\"https:\/\/www.konradi.nu\/wp-content\/uploads\/2017\/11\/Projekt-B\u00f8rnedemokrati-vinder-prisen-som-\u00e5rets-beboerdemokratiske-projekt-p\u00e5-almene-boligdage-2017-234x300.png\" class=\"attachment-medium size-medium\" alt=\"\" srcset=\"https:\/\/www.konradi.nu\/wp-content\/uploads\/2017\/11\/Projekt-B\u00f8rnedemokrati-vinder-prisen-som-\u00e5rets-beboerdemokratiske-projekt-p\u00e5-almene-boligdage-2017-234x300.png 234w, https:\/\/www.konradi.nu\/wp-content\/uploads\/2017\/11\/Projekt-B\u00f8rnedemokrati-vinder-prisen-som-\u00e5rets-beboerdemokratiske-projekt-p\u00e5-almene-boligdage-2017-768x983.png 768w, https:\/\/www.konradi.nu\/wp-content\/uploads\/2017\/11\/Projekt-B\u00f8rnedemokrati-vinder-prisen-som-\u00e5rets-beboerdemokratiske-projekt-p\u00e5-almene-boligdage-2017-800x1024.png 800w, https:\/\/www.konradi.nu\/wp-content\/uploads\/2017\/11\/Projekt-B\u00f8rnedemokrati-vinder-prisen-som-\u00e5rets-beboerdemokratiske-projekt-p\u00e5-almene-boligdage-2017.png 945w\" sizes=\"(max-width: 234px) 100vw, 234px\" \/><\/a><\/p>\n"},"caption":{"rendered":""},"alt_text":"","media_type":"image","mime_type":"image\/png","media_details":{"width":945,"height":1210,"file":"2017\/11\/Projekt-B\u00f8rnedemokrati-vinder-prisen-som-\u00e5rets-beboerdemokratiske-projekt-p\u00e5-almene-boligdage-2017.png","sizes":{"thumbnail":{"file":"Projekt-B\u00f8rnedemokrati-vinder-prisen-som-\u00e5rets-beboerdemokratiske-projekt-p\u00e5-almene-boligdage-2017-150x150.png","width":150,"height":150,"mime_type":"image\/png","source_url":"https:\/\/www.konradi.nu\/wp-content\/uploads\/2017\/11\/Projekt-B\u00f8rnedemokrati-vinder-prisen-som-\u00e5rets-beboerdemokratiske-projekt-p\u00e5-almene-boligdage-2017-150x150.png"},"medium":{"file":"Projekt-B\u00f8rnedemokrati-vinder-prisen-som-\u00e5rets-beboerdemokratiske-projekt-p\u00e5-almene-boligdage-2017-234x300.png","width":234,"height":300,"mime_type":"image\/png","source_url":"https:\/\/www.konradi.nu\/wp-content\/uploads\/2017\/11\/Projekt-B\u00f8rnedemokrati-vinder-prisen-som-\u00e5rets-beboerdemokratiske-projekt-p\u00e5-almene-boligdage-2017-234x300.png"},"medium_large":{"file":"Projekt-B\u00f8rnedemokrati-vinder-prisen-som-\u00e5rets-beboerdemokratiske-projekt-p\u00e5-almene-boligdage-2017-768x983.png","width":768,"height":983,"mime_type":"image\/png","source_url":"https:\/\/www.konradi.nu\/wp-content\/uploads\/2017\/11\/Projekt-B\u00f8rnedemokrati-vinder-prisen-som-\u00e5rets-beboerdemokratiske-projekt-p\u00e5-almene-boligdage-2017-768x983.png"},"large":{"file":"Projekt-B\u00f8rnedemokrati-vinder-prisen-som-\u00e5rets-beboerdemokratiske-projekt-p\u00e5-almene-boligdage-2017-800x1024.png","width":800,"height":1024,"mime_type":"image\/png","source_url":"https:\/\/www.konradi.nu\/wp-content\/uploads\/2017\/11\/Projekt-B\u00f8rnedemokrati-vinder-prisen-som-\u00e5rets-beboerdemokratiske-projekt-p\u00e5-almene-boligdage-2017-800x1024.png"},"sparkling-featured":{"file":"Projekt-B\u00f8rnedemokrati-vinder-prisen-som-\u00e5rets-beboerdemokratiske-projekt-p\u00e5-almene-boligdage-2017-750x410.png","width":750,"height":410,"mime_type":"image\/png","source_url":"https:\/\/www.konradi.nu\/wp-content\/uploads\/2017\/11\/Projekt-B\u00f8rnedemokrati-vinder-prisen-som-\u00e5rets-beboerdemokratiske-projekt-p\u00e5-almene-boligdage-2017-750x410.png"},"tab-small":{"file":"Projekt-B\u00f8rnedemokrati-vinder-prisen-som-\u00e5rets-beboerdemokratiske-projekt-p\u00e5-almene-boligdage-2017-60x60.png","width":60,"height":60,"mime_type":"image\/png","source_url":"https:\/\/www.konradi.nu\/wp-content\/uploads\/2017\/11\/Projekt-B\u00f8rnedemokrati-vinder-prisen-som-\u00e5rets-beboerdemokratiske-projekt-p\u00e5-almene-boligdage-2017-60x60.png"},"sow-carousel-default":{"file":"Projekt-B\u00f8rnedemokrati-vinder-prisen-som-\u00e5rets-beboerdemokratiske-projekt-p\u00e5-almene-boligdage-2017-272x182.png","width":272,"height":182,"mime_type":"image\/png","source_url":"https:\/\/www.konradi.nu\/wp-content\/uploads\/2017\/11\/Projekt-B\u00f8rnedemokrati-vinder-prisen-som-\u00e5rets-beboerdemokratiske-projekt-p\u00e5-almene-boligdage-2017-272x182.png"},"full":{"file":"Projekt-B\u00f8rnedemokrati-vinder-prisen-som-\u00e5rets-beboerdemokratiske-projekt-p\u00e5-almene-boligdage-2017.png","width":945,"height":1210,"mime_type":"image\/png","source_url":"https:\/\/www.konradi.nu\/wp-content\/uploads\/2017\/11\/Projekt-B\u00f8rnedemokrati-vinder-prisen-som-\u00e5rets-beboerdemokratiske-projekt-p\u00e5-almene-boligdage-2017.png"}},"image_meta":{"aperture":"0","credit":"","camera":"","caption":"","created_timestamp":"0","copyright":"","focal_length":"0","iso":"0","shutter_speed":"0","title":"","orientation":"0","keywords":[]}},"post":null,"source_url":"https:\/\/www.konradi.nu\/wp-content\/uploads\/2017\/11\/Projekt-B\u00f8rnedemokrati-vinder-prisen-som-\u00e5rets-beboerdemokratiske-projekt-p\u00e5-almene-boligdage-2017.png","_links":{"self":[{"href":"https:\/\/www.konradi.nu\/en\/wp-json\/wp\/v2\/media\/575","targetHints":{"allow":["GET"]}}],"collection":[{"href":"https:\/\/www.konradi.nu\/en\/wp-json\/wp\/v2\/media"}],"about":[{"href":"https:\/\/www.konradi.nu\/en\/wp-json\/wp\/v2\/types\/attachment"}],"author":[{"embeddable":true,"href":"https:\/\/www.konradi.nu\/en\/wp-json\/wp\/v2\/users\/1"}],"replies":[{"embeddable":true,"href":"https:\/\/www.konradi.nu\/en\/wp-json\/wp\/v2\/comments?post=575"}]}}

https://www.konradi.nu/wp-content/uploads/2017/11/Projekt-Børnedemokrati-vinder-prisen-som-årets-beboerdemokratiske-projekt-på-almene-boligdage-2017.png

Projekt Børnedemokrati vinder prisen som årets beboerdemokratiske projekt på almene boligdage 2017

<p class="attachment"><a href='https://www.konradi.nu/wp-content/uploads/2017/11/Projekt-Børnedemokrati-vinder-prisen-som-årets-beboerdemokratiske-projekt-på-almene-boligdage-2017.png'><img fetchpriority="high" decoding="async" width="234" height="300" src="https://www.konradi.nu/wp-content/uploads/2017/11/Projekt-Børnedemokrati-vinder-prisen-som-årets-beboerdemokratiske-projekt-på-almene-boligdage-2017-234x300.png" class="attachment-medium size-medium" alt="" srcset="https://www.konradi.nu/wp-content/uploads/2017/11/Projekt-Børnedemokrati-vinder-prisen-som-årets-beboerdemokratiske-projekt-på-almene-boligdage-2017-234x300.png 234w, https://www.konradi.nu/wp-content/uploads/2017/11/Projekt-Børnedemokrati-vinder-prisen-som-årets-beboerdemokratiske-projekt-på-almene-boligdage-2017-768x983.png 768w, https://www.konradi.nu/wp-content/uploads/2017/11/Projekt-Børnedemokrati-vinder-prisen-som-årets-beboerdemokratiske-projekt-på-almene-boligdage-2017-800x1024.png 800w, https://www.konradi.nu/wp-content/uploads/2017/11/Projekt-Børnedemokrati-vinder-prisen-som-årets-beboerdemokratiske-projekt-på-almene-boligdage-2017.png 945w" sizes="(max-width: 234px) 100vw, 234px" /></a></p>

2017/11/Projekt-Børnedemokrati-vinder-prisen-som-årets-beboerdemokratiske-projekt-på-almene-boligdage-2017.png

Projekt-Børnedemokrati-vinder-prisen-som-årets-beboerdemokratiske-projekt-på-almene-boligdage-2017-150x150.png

https://www.konradi.nu/wp-content/uploads/2017/11/Projekt-Børnedemokrati-vinder-prisen-som-årets-beboerdemokratiske-projekt-på-almene-boligdage-2017-150x150.png

Projekt-Børnedemokrati-vinder-prisen-som-årets-beboerdemokratiske-projekt-på-almene-boligdage-2017-234x300.png

https://www.konradi.nu/wp-content/uploads/2017/11/Projekt-Børnedemokrati-vinder-prisen-som-årets-beboerdemokratiske-projekt-på-almene-boligdage-2017-234x300.png

Projekt-Børnedemokrati-vinder-prisen-som-årets-beboerdemokratiske-projekt-på-almene-boligdage-2017-768x983.png

https://www.konradi.nu/wp-content/uploads/2017/11/Projekt-Børnedemokrati-vinder-prisen-som-årets-beboerdemokratiske-projekt-på-almene-boligdage-2017-768x983.png

Projekt-Børnedemokrati-vinder-prisen-som-årets-beboerdemokratiske-projekt-på-almene-boligdage-2017-800x1024.png

https://www.konradi.nu/wp-content/uploads/2017/11/Projekt-Børnedemokrati-vinder-prisen-som-årets-beboerdemokratiske-projekt-på-almene-boligdage-2017-800x1024.png

Projekt-Børnedemokrati-vinder-prisen-som-årets-beboerdemokratiske-projekt-på-almene-boligdage-2017-750x410.png

https://www.konradi.nu/wp-content/uploads/2017/11/Projekt-Børnedemokrati-vinder-prisen-som-årets-beboerdemokratiske-projekt-på-almene-boligdage-2017-750x410.png

Projekt-Børnedemokrati-vinder-prisen-som-årets-beboerdemokratiske-projekt-på-almene-boligdage-2017-60x60.png

https://www.konradi.nu/wp-content/uploads/2017/11/Projekt-Børnedemokrati-vinder-prisen-som-årets-beboerdemokratiske-projekt-på-almene-boligdage-2017-60x60.png

Projekt-Børnedemokrati-vinder-prisen-som-årets-beboerdemokratiske-projekt-på-almene-boligdage-2017-272x182.png

https://www.konradi.nu/wp-content/uploads/2017/11/Projekt-Børnedemokrati-vinder-prisen-som-årets-beboerdemokratiske-projekt-på-almene-boligdage-2017-272x182.png

Projekt-Børnedemokrati-vinder-prisen-som-årets-beboerdemokratiske-projekt-på-almene-boligdage-2017.png
