{"id":616,"date":"2018-03-18T14:08:02","date_gmt":"2018-03-18T13:08:02","guid":{"rendered":"https:\/\/www.konradi.nu\/wp-content\/uploads\/2018\/03\/Test-af-indend\u00f8rs-affaldssortering-i-almene-boligomr\u00e5der.jpg"},"modified":"2018-03-18T14:08:02","modified_gmt":"2018-03-18T13:08:02","slug":"test-af-indendoers-affaldssortering-i-almene-boligomraader-2","status":"inherit","type":"attachment","link":"https:\/\/www.konradi.nu\/en\/test-af-indendoers-affaldssortering-i-almene-boligomraader-2\/","title":{"rendered":"Test of indoor recycling in social housing areas"},"author":1,"featured_media":0,"comment_status":"closed","ping_status":"closed","template":"","meta":[],"class_list":["post-616","attachment","type-attachment","status-inherit","hentry"],"description":{"rendered":"<p class=\"attachment\"><a href='https:\/\/www.konradi.nu\/wp-content\/uploads\/2018\/03\/Test-af-indend\u00f8rs-affaldssortering-i-almene-boligomr\u00e5der.jpg'><img fetchpriority=\"high\" decoding=\"async\" width=\"300\" height=\"200\" src=\"https:\/\/www.konradi.nu\/wp-content\/uploads\/2018\/03\/Test-af-indend\u00f8rs-affaldssortering-i-almene-boligomr\u00e5der-300x200.jpg\" class=\"attachment-medium size-medium\" alt=\"\" srcset=\"https:\/\/www.konradi.nu\/wp-content\/uploads\/2018\/03\/Test-af-indend\u00f8rs-affaldssortering-i-almene-boligomr\u00e5der-300x200.jpg 300w, https:\/\/www.konradi.nu\/wp-content\/uploads\/2018\/03\/Test-af-indend\u00f8rs-affaldssortering-i-almene-boligomr\u00e5der-768x512.jpg 768w, https:\/\/www.konradi.nu\/wp-content\/uploads\/2018\/03\/Test-af-indend\u00f8rs-affaldssortering-i-almene-boligomr\u00e5der-1024x683.jpg 1024w, https:\/\/www.konradi.nu\/wp-content\/uploads\/2018\/03\/Test-af-indend\u00f8rs-affaldssortering-i-almene-boligomr\u00e5der-272x182.jpg 272w, https:\/\/www.konradi.nu\/wp-content\/uploads\/2018\/03\/Test-af-indend\u00f8rs-affaldssortering-i-almene-boligomr\u00e5der.jpg 1920w\" sizes=\"(max-width: 300px) 100vw, 300px\" \/><\/a><\/p>\n"},"caption":{"rendered":""},"alt_text":"","media_type":"image","mime_type":"image\/jpeg","media_details":{"width":1920,"height":1280,"file":"2018\/03\/Test-af-indend\u00f8rs-affaldssortering-i-almene-boligomr\u00e5der.jpg","sizes":{"thumbnail":{"file":"Test-af-indend\u00f8rs-affaldssortering-i-almene-boligomr\u00e5der-150x150.jpg","width":150,"height":150,"mime_type":"image\/jpeg","source_url":"https:\/\/www.konradi.nu\/wp-content\/uploads\/2018\/03\/Test-af-indend\u00f8rs-affaldssortering-i-almene-boligomr\u00e5der-150x150.jpg"},"medium":{"file":"Test-af-indend\u00f8rs-affaldssortering-i-almene-boligomr\u00e5der-300x200.jpg","width":300,"height":200,"mime_type":"image\/jpeg","source_url":"https:\/\/www.konradi.nu\/wp-content\/uploads\/2018\/03\/Test-af-indend\u00f8rs-affaldssortering-i-almene-boligomr\u00e5der-300x200.jpg"},"medium_large":{"file":"Test-af-indend\u00f8rs-affaldssortering-i-almene-boligomr\u00e5der-768x512.jpg","width":768,"height":512,"mime_type":"image\/jpeg","source_url":"https:\/\/www.konradi.nu\/wp-content\/uploads\/2018\/03\/Test-af-indend\u00f8rs-affaldssortering-i-almene-boligomr\u00e5der-768x512.jpg"},"large":{"file":"Test-af-indend\u00f8rs-affaldssortering-i-almene-boligomr\u00e5der-1024x683.jpg","width":1024,"height":683,"mime_type":"image\/jpeg","source_url":"https:\/\/www.konradi.nu\/wp-content\/uploads\/2018\/03\/Test-af-indend\u00f8rs-affaldssortering-i-almene-boligomr\u00e5der-1024x683.jpg"},"sparkling-featured":{"file":"Test-af-indend\u00f8rs-affaldssortering-i-almene-boligomr\u00e5der-750x410.jpg","width":750,"height":410,"mime_type":"image\/jpeg","source_url":"https:\/\/www.konradi.nu\/wp-content\/uploads\/2018\/03\/Test-af-indend\u00f8rs-affaldssortering-i-almene-boligomr\u00e5der-750x410.jpg"},"tab-small":{"file":"Test-af-indend\u00f8rs-affaldssortering-i-almene-boligomr\u00e5der-60x60.jpg","width":60,"height":60,"mime_type":"image\/jpeg","source_url":"https:\/\/www.konradi.nu\/wp-content\/uploads\/2018\/03\/Test-af-indend\u00f8rs-affaldssortering-i-almene-boligomr\u00e5der-60x60.jpg"},"sow-carousel-default":{"file":"Test-af-indend\u00f8rs-affaldssortering-i-almene-boligomr\u00e5der-272x182.jpg","width":272,"height":182,"mime_type":"image\/jpeg","source_url":"https:\/\/www.konradi.nu\/wp-content\/uploads\/2018\/03\/Test-af-indend\u00f8rs-affaldssortering-i-almene-boligomr\u00e5der-272x182.jpg"},"full":{"file":"Test-af-indend\u00f8rs-affaldssortering-i-almene-boligomr\u00e5der.jpg","width":1920,"height":1280,"mime_type":"image\/jpeg","source_url":"https:\/\/www.konradi.nu\/wp-content\/uploads\/2018\/03\/Test-af-indend\u00f8rs-affaldssortering-i-almene-boligomr\u00e5der.jpg"}},"image_meta":{"aperture":"0","credit":"","camera":"","caption":"","created_timestamp":"0","copyright":"","focal_length":"0","iso":"0","shutter_speed":"0","title":"","orientation":"0","keywords":[]}},"post":null,"source_url":"https:\/\/www.konradi.nu\/wp-content\/uploads\/2018\/03\/Test-af-indend\u00f8rs-affaldssortering-i-almene-boligomr\u00e5der.jpg","_links":{"self":[{"href":"https:\/\/www.konradi.nu\/en\/wp-json\/wp\/v2\/media\/616","targetHints":{"allow":["GET"]}}],"collection":[{"href":"https:\/\/www.konradi.nu\/en\/wp-json\/wp\/v2\/media"}],"about":[{"href":"https:\/\/www.konradi.nu\/en\/wp-json\/wp\/v2\/types\/attachment"}],"author":[{"embeddable":true,"href":"https:\/\/www.konradi.nu\/en\/wp-json\/wp\/v2\/users\/1"}],"replies":[{"embeddable":true,"href":"https:\/\/www.konradi.nu\/en\/wp-json\/wp\/v2\/comments?post=616"}]}}

https://www.konradi.nu/wp-content/uploads/2018/03/Test-af-indendørs-affaldssortering-i-almene-boligområder.jpg

<p class="attachment"><a href='https://www.konradi.nu/wp-content/uploads/2018/03/Test-af-indendørs-affaldssortering-i-almene-boligområder.jpg'><img fetchpriority="high" decoding="async" width="300" height="200" src="https://www.konradi.nu/wp-content/uploads/2018/03/Test-af-indendørs-affaldssortering-i-almene-boligområder-300x200.jpg" class="attachment-medium size-medium" alt="" srcset="https://www.konradi.nu/wp-content/uploads/2018/03/Test-af-indendørs-affaldssortering-i-almene-boligområder-300x200.jpg 300w, https://www.konradi.nu/wp-content/uploads/2018/03/Test-af-indendørs-affaldssortering-i-almene-boligområder-768x512.jpg 768w, https://www.konradi.nu/wp-content/uploads/2018/03/Test-af-indendørs-affaldssortering-i-almene-boligområder-1024x683.jpg 1024w, https://www.konradi.nu/wp-content/uploads/2018/03/Test-af-indendørs-affaldssortering-i-almene-boligområder-272x182.jpg 272w, https://www.konradi.nu/wp-content/uploads/2018/03/Test-af-indendørs-affaldssortering-i-almene-boligområder.jpg 1920w" sizes="(max-width: 300px) 100vw, 300px" /></a></p>

2018/03/Test-af-indendørs-affaldssortering-i-almene-boligområder.jpg

Test-af-indendørs-affaldssortering-i-almene-boligområder-150x150.jpg

https://www.konradi.nu/wp-content/uploads/2018/03/Test-af-indendørs-affaldssortering-i-almene-boligområder-150x150.jpg

Test-af-indendørs-affaldssortering-i-almene-boligområder-300x200.jpg

https://www.konradi.nu/wp-content/uploads/2018/03/Test-af-indendørs-affaldssortering-i-almene-boligområder-300x200.jpg

Test-af-indendørs-affaldssortering-i-almene-boligområder-768x512.jpg

https://www.konradi.nu/wp-content/uploads/2018/03/Test-af-indendørs-affaldssortering-i-almene-boligområder-768x512.jpg

Test-af-indendørs-affaldssortering-i-almene-boligområder-1024x683.jpg

https://www.konradi.nu/wp-content/uploads/2018/03/Test-af-indendørs-affaldssortering-i-almene-boligområder-1024x683.jpg

Test-af-indendørs-affaldssortering-i-almene-boligområder-750x410.jpg

https://www.konradi.nu/wp-content/uploads/2018/03/Test-af-indendørs-affaldssortering-i-almene-boligområder-750x410.jpg

Test-af-indendørs-affaldssortering-i-almene-boligområder-60x60.jpg

https://www.konradi.nu/wp-content/uploads/2018/03/Test-af-indendørs-affaldssortering-i-almene-boligområder-60x60.jpg

Test-af-indendørs-affaldssortering-i-almene-boligområder-272x182.jpg

https://www.konradi.nu/wp-content/uploads/2018/03/Test-af-indendørs-affaldssortering-i-almene-boligområder-272x182.jpg

Test-af-indendørs-affaldssortering-i-almene-boligområder.jpg
